What are the prime factors of 272?
2, 17
List the prime factors of 4204.
2, 1051
List the prime factors of 131036.
2, 17, 41, 47
What are the prime factors of 3653?
13, 281
What are the prime factors of 835?
5, 167
What are the prime factors of 2067?
3, 13, 53
List the prime factors of 47066.
2, 101, 233
List the prime factors of 2343.
3, 11, 71
List the prime factors of 2202.
2, 3, 367
What are the prime factors of 949?
13, 73
List the prime factors of 600.
2, 3, 5
List the prime factors of 4143.
3, 1381
List the prime factors of 1292.
2, 17, 19
What are the prime factors of 49775?
5, 11, 181
What are the prime factors of 514?
2, 257
List the prime factors of 1289.
1289
What are the prime factors of 794?
2, 397
List the prime factors of 2248.
2, 281
What are the prime factors of 60599?
7, 11, 787
What are the prime factors of 50?
2, 5
What are the prime factors of 16229?
16229
What are the prime factors of 15042?
2, 3, 23, 109
List the prime factors of 4720.
2, 5, 59
What are the prime factors of 45179?
45179
What are the prime factors of 782?
2, 17, 23
What are the prime factors of 318?
2, 3, 53
List the prime factors of 8025.
3, 5, 107
List the prime factors of 13980.
2, 3, 5, 233
What are the prime factors of 990?
2, 3, 5, 11
What are the prime factors of 822?
2, 3, 137
List the prime factors of 2006.
2, 17, 59
List the prime factors of 1277.
1277
What are the prime factors of 1814?
2, 907
List the prime factors of 10471.
37, 283
What are the prime factors of 1946?
2, 7, 139
What are the prime factors of 495?
3, 5, 11
What are the prime factors of 1749?
3, 11, 53
List the prime factors of 1200.
2, 3, 5
List the prime factors of 21779.
29, 751
What are the prime factors of 3044?
2, 761
List the prime factors of 1482.
2, 3, 13, 19
List the prime factors of 2438.
2, 23, 53
List the prime factors of 906.
2, 3, 151
What are the prime factors of 34327?
34327
What are the prime factors of 32430?
2, 3, 5, 23, 47
What are the prime factors of 63520?
2, 5, 397
List the prime factors of 14262.
2, 3, 2377
List the prime factors of 17557.
97, 181
What are the prime factors of 110311?
110311
What are the prime factors of 30040?
2, 5, 751
List the prime factors of 1771.
7, 11, 23
List the prime factors of 283.
283
List the prime factors of 10759.
7, 29, 53
List the prime factors of 279.
3, 31
What are the prime factors of 13847?
61, 227
List the prime factors of 3993.
3, 11
What are the prime factors of 1030?
2, 5, 103
What are the prime factors of 10690?
2, 5, 1069
What are the prime factors of 68678?
2, 23, 1493
List the prime factors of 1493.
1493
List the prime factors of 24437.
7, 3491
List the prime factors of 23523.
3, 7841
What are the prime factors of 4363?
4363
What are the prime factors of 43897?
7, 6271
What are the prime factors of 2307?
3, 769
List the prime factors of 20220.
2, 3, 5, 337
What are the prime factors of 1127?
7, 23
List the prime factors of 9389.
41, 229
List the prime factors of 28944.
2, 3, 67
What are the prime factors of 33759?
3, 11, 31
List the prime factors of 108566.
2, 19, 2857
List the prime factors of 180.
2, 3, 5
What are the prime factors of 251?
251
What are the prime factors of 17869?
107, 167
List the prime factors of 574.
2, 7, 41
List the prime factors of 16127.
16127
What are the prime factors of 372?
2, 3, 31
What are the prime factors of 2301?
3, 13, 59
List the prime factors of 5096.
2, 7, 13
List the prime factors of 3816.
2, 3, 53
What are the prime factors of 3606?
2, 3, 601
List the prime factors of 2943.
3, 109
What are the prime factors of 4012?
2, 17, 59
List the prime factors of 13745.
5, 2749
List the prime factors of 7199.
23, 313
What are the prime factors of 430?
2, 5, 43
What are the prime factors of 20949?
3, 6983
What are the prime factors of 436?
2, 109
What are the prime factors of 5699?
41, 139
List the prime factors of 1833.
3, 13, 47
List the prime factors of 10385.
5, 31, 67
List the prime factors of 158673.
3, 227, 233
List the prime factors of 522.
2, 3, 29
What are the prime factors of 3729?
3, 11, 113
What are the prime factors of 5462?
2, 2731
What are the prime factors of 1691?
19, 89
What are the prime factors of 4951?
4951
What are the prime factors of 207?
3, 23
List the prime factors of 366.
2, 3, 61
What are the prime factors of 1556?
2, 389
What are the prime factors of 670?
2, 5, 67
List the prime factors of 188572.
2, 47143
What are the prime factors of 1526?
2, 7, 109
List the prime factors of 3294.
2, 3, 61
List the prime factors of 7525.
5, 7, 43
List the prime factors of 12889.
12889
List the prime factors of 125826.
2, 3, 67, 313
List the prime factors of 28155.
3, 5, 1877
List the prime factors of 913.
11, 83
What are the prime factors of 16601?
13, 1277
List the prime factors of 695.
5, 139
List the prime factors of 59110.
2, 5, 23, 257
List the prime factors of 1022.
2, 7, 73
List the prime factors of 14790.
2, 3, 5, 17, 29
What are the prime factors of 27600?
2, 3, 5, 23
List the prime factors of 17280.
2, 3, 5
What are the prime factors of 36996?
2, 3, 3083
List the prime factors of 1896.
2, 3, 79
What are the prime factors of 143941?
7, 20563
What are the prime factors of 6015?
3, 5, 401
List the prime factors of 693.
3, 7, 11
List the prime factors of 2967.
3, 23, 43
What are the prime factors of 27047?
17, 37, 43
List the prime factors of 1640.
2, 5, 41
List the prime factors of 98301.
3, 7, 31, 151
List the prime factors of 220.
2, 5, 11
List the prime factors of 2041.
13, 157
What are the prime factors of 739?
739
What are the prime factors of 2041?
13, 157
What are the prime factors of 1340?
2, 5, 67
What are the prime factors of 1701?
3, 7
List the prime factors of 1510.
2, 5, 151
List the prime factors of 3521.
7, 503
List the prime factors of 505.
5, 101
List the prime factors of 2558.
2, 1279
List the prime factors of 16253.
16253
What are the prime factors of 4127?
4127
What are the prime factors of 18?
2, 3
List the prime factors of 1567.
1567
List the prime factors of 26036.
2, 23, 283
List the prime factors of 4444.
2, 11, 101
What are the prime factors of 27643?
7, 11, 359
What are the prime factors of 21633?
3, 7211
What are the prime factors of 14551?
14551
List the prime factors of 3520.
2, 5, 11
What are the prime factors of 3758?
2, 1879
What are the prime factors of 53092?
2, 13, 1021
List the prime factors of 160.
2, 5
What are the prime factors of 459?
3, 17
What are the prime factors of 2429?
7, 347
List the prime factors of 24372.
2, 3, 677
What are the prime factors of 2888?
2, 19
List the prime factors of 5328.
2, 3, 37
What are the prime factors of 754?
2, 13, 29
What are the prime factors of 7678?
2, 11, 349
What are the prime factors of 22382?
2, 19, 31
What are the prime factors of 49849?
79, 631
List the prime factors of 2907.
3, 17, 19
What are the prime factors of 546?
2, 3, 7, 13
What are the prime factors of 259?
7, 37
List the prime factors of 1401.
3, 467
What are the prime factors of 6276?
2, 3, 523
What are the prime factors of 3608?
2, 11, 41
List the prime factors of 2028.
2, 3, 13
What are the prime factors of 4420?
2, 5, 13, 17
List the prime factors of 33063.
3, 103, 107
What are the prime factors of 10449?
3, 43
What are the prime factors of 966?
2, 3, 7, 23
List the prime factors of 868.
2, 7, 31
List the prime factors of 3295.
5, 659
What are the prime factors of 2780?
2, 5, 139
List the prime factors of 246.
2, 3, 41
List the prime factors of 682.
2, 11, 31
List the prime factors of 2625.
3, 5, 7
List the prime factors of 402.
2, 3, 67
What are the prime factors of 35189?
7, 11, 457
List the prime factors of 16618.
2, 7, 1187
What are the prime factors of 5938?
2, 2969
List the prime factors of 677.
677
List the prime factors of 6877.
13, 23
List the prime factors of 112397.
112397
List the prime factors of 47544.
2, 3, 7, 283
What are the prime factors of 1322?
2, 661
List the prime factors of 26827.
139, 193
List the prime factors of 12401.
12401
List the prime factors of 3497.
13, 269
What are the prime factors of 22922?
2, 73, 157
List the prime factors of 2481.
3, 827
What are the prime factors of 561?
3, 11, 17
What are the prime factors of 30069?
3, 13, 257
What are the prime factors of 482?
2, 241
L